t is the tens digit of 2387536579?
7
What is the hundreds digit of 1317907393?
3
What is the tens digit of 2795743?
4
What is the units digit of 4308074719?
9
What is the hundred thousands digit of 40924862?
9
What is the thousands digit of 70955116?
5
What is the units digit of 3326842156?
6
What is the hundred millions digit of 716793102?
7
What is the millions digit of 1368006108?
8
What is the units digit of 47582446?
6
What is the hundred thousands digit of 33118360?
1
What is the tens digit of 215386309?
0
What is the millions digit of 103873562?
3
What is the tens digit of 51980103?
0
What is the millions digit of 59612097?
9
What is the tens digit of 125140225?
2
What is the units digit of 162948142?
2
What is the ten thousands digit of 1845230499?
3
What is the tens digit of 208037678?
7
What is the thousands digit of 68764385?
4
What is the ten millions digit of 44213632?
4
What is the millions digit of 233895750?
3
What is the hundred thousands digit of 320961856?
9
What is the tens digit of 427043034?
3
What is the hundreds digit of 577909426?
4
What is the tens digit of 13209801?
0
What is the ten thousands digit of 49502065?
0
What is the hundred millions digit of 1969500912?
9
What is the tens digit of 27486865?
6
What is the ten thousands digit of 33577330?
7
What is the tens digit of 187228769?
6
What is the tens digit of 673775701?
0
What is the thousands digit of 87540819?
0
What is the hundreds digit of 1885513500?
5
What is the tens digit of 2600653457?
5
What is the units digit of 96474515?
5
What is the tens digit of 3277903886?
8
What is the thousands digit of 28579350?
9
What is the ten millions digit of 33152416?
3
What is the thousands digit of 2283422022?
2
What is the millions digit of 324830016?
4
What is the thousands digit of 47105193?
5
What is the thousands digit of 6639068536?
8
What is the hundred thousands digit of 1340181734?
1
What is the units digit of 1844372?
2
What is the hundreds digit of 7923540457?
4
What is the ten thousands digit of 93308698?
0
What is the hundreds digit of 894881434?
4
What is the millions digit of 325635977?
5
What is the ten thousands digit of 757341959?
4
What is the units digit of 1424773915?
5
What is the tens digit of 383309852?
5
What is the units digit of 3099368166?
6
What is the units digit of 586313392?
2
What is the thousands digit of 50937781?
7
What is the hundred thousands digit of 90568282?
5
What is the ten thousands digit of 67217155?
1
What is the ten millions digit of 972842429?
7
What is the billions digit of 3451313129?
3
What is the tens digit of 86363294?
9
What is the ten millions digit of 2981902814?
8
What is the thousands digit of 546914623?
4
What is the ten thousands digit of 42258889?
5
What is the tens digit of 184207498?
9
What is the units digit of 2130659454?
4
What is the ten millions digit of 6469854576?
6
What is the billions digit of 2990118168?
2
What is the ten millions digit of 2210753058?
1
What is the units digit of 717785015?
5
What is the hundreds digit of 47444302?
3
What is the tens digit of 338353350?
5
What is the tens digit of 43904522?
2
What is the hundreds digit of 8999803?
8
What is the hundreds digit of 2960314374?
3
What is the units digit of 275542066?
6
What is the hundreds digit of 256342342?
3
What is the units digit of 182488338?
8
What is the tens digit of 152785069?
6
What is the hundreds digit of 1172012148?
1
What is the ten millions digit of 1751767052?
5
What is the tens digit of 942511740?
4
What is the hundreds digit of 103791590?
5
What is the tens digit of 131110620?
2
What is the billions digit of 2120303306?
2
What is the thousands digit of 23214275?
4
What is the tens digit of 166999474?
7
What is the units digit of 136564428?
8
What is the units digit of 2309287999?
9
What is the ten millions digit of 903053638?
0
What is the millions digit of 515373006?
5
What is the tens digit of 37868997?
9
What is the units digit of 608794855?
5
What is the ten thousands digit of 66630971?
3
What is the units digit of 27225187?
7
What is the ten millions digit of 1873854454?
7
What is the ten millions digit of 758968443?
5
What is the ten thousands digit of 43820316?
2
What is the millions digit of 41559941?
1
What is the thousands digit of 225432196?
2
What is the hundreds digit of 159574453?
4
What is the ten thousands digit of 89478123?
7
What is the units digit of 107455310?
0
What is the millions digit of 125640660?
5
What is the ten millions digit of 74655350?
7
What is the millions digit of 690686041?
0
What is the hundred thousands digit of 188270331?
2
What is the millions digit of 2798539399?
8
What is the ten millions digit of 82966429?
8
What is the ten millions digit of 12409201?
1
What is the tens digit of 3464913416?
1
What is the ten millions digit of 32950639?
3
What is the ten millions digit of 877144584?
7
What is the hundreds digit of 210173770?
7
What is the thousands digit of 36549339?
9
What is the hundreds digit of 67688921?
9
What is the millions digit of 1514340184?
4
What is the hundreds digit of 1492172923?
9
What is the units digit of 223924109?
9
What is the thousands digit of 186174408?
4
What is the tens digit of 1325102447?
4
What is the units digit of 64162652?
2
What is the ten thousands digit of 511506681?
0
What is the hundred thousands digit of 3450194411?
1
What is the ten millions digit of 1563003550?
6
What is the ten millions digit of 3502828555?
0
What is the hundreds digit of 181319220?
2
What is the hundred thousands digit of 61894879?
8
What is the millions digit of 151570057?
1
What is the ten millions digit of 23400808?
2
What is the tens digit of 1784502?
0
What is the hundreds digit of 81527349?
3
What is the hundred thousands digit of 152962600?
9
What is the ten millions digit of 35050874?
3
What is the hundred thousands digit of 6499249?
4
What is the hundreds digit of 1064293127?
1
What is the units digit of 262481896?
6
What is the ten thousands digit of 1547227662?
2
What is the ten thousands digit of 716525704?
2
What is the ten millions digit of 50008058?
5
What is the tens digit of 217658026?
2
What is the ten millions digit of 814869364?
1
What is the thousands digit of 8524311?
4
What is the thousands digit of 887589211?
9
What is the ten thousands digit of 23626688?
2
What is the thousands digit of 454991908?
1
What is the tens digit of 583546682?
8
What is the hundred thousands digit of 546101678?
1
What is the units digit of 80497498?
8
What is the hundreds digit of 1017119490?
4
What is the millions digit of 42246478?
2
What is the thousands digit of 252307812?
7
What is the hundreds digit of 545492838?
8
What is the hundred millions digit of 1189240014?
1
What is the ten millions digit of 958001260?
5
What is the tens digit of 508658396?
9
What is the millions digit of 1221006363?
1
What is the ten millions digit of 644266458?
4
What is the tens digit of 340913545?
4
What is the tens digit of 263097709?
0
What is the millions digit of 4232109610?
2
What is the tens digit of 1957770673?
7
What is the units digit of 19899904?
4
What is the hundred millions digit of 1026183008?
0
What is the tens digit of 919378884?
8
What is the ten thousands digit of 421185392?
8
What is the tens digit of 59792621?
2
What is the ten millions digit of 1675638890?
7
What is the hundred thousands digit of 163130841?
1
What is the millions digit of 23931758?
3
What is the thousands digit of 177065161?
5
What is the ten thousands digit of 5364622559?
2
What is the millions digit of 307579168?
7
What is the units digit of 9164253?
3
What is the millions digit of 1010387121?
0
What is the units digit of 473893214?
4
What is the tens digit of 335294026?
2
What is the ten millions digit of 394104464?
9
What is the ten millions digit of 70314645?
7
What is the ten millions digit of 1560033484?
6
What is the units digit of 79933038?
8
What is the hundred millions digit of 7803173898?
8
What is the hundreds digit of 88895499?
4
What is the units digit of 1698256460?
0
What is the units digit of 29164962?
2
What is the hundred millions digit of 1281490100?
2
What is the units digit of 522812582?
2
What is the hundred thousands digit of 113419956?
4
What is the units digit of 11